 the millions digit of 1135423543?
5
What is the billions digit of 1732027988?
1
What is the millions digit of 17839583?
7
What is the units digit of 4124215184?
4
What is the hundred millions digit of 3261587926?
2
What is the hundred millions digit of 868789826?
8
What is the units digit of 23067717?
7
What is the units digit of 19295748?
8
What is the ten thousands digit of 994080591?
8
What is the millions digit of 141816688?
1
What is the hundred millions digit of 301302797?
3
What is the billions digit of 6295730146?
6
What is the hundred millions digit of 252074632?
2
What is the millions digit of 43284957?
3
What is the thousands digit of 819492609?
2
What is the hundred millions digit of 210995227?
2
What is the hundred millions digit of 640777595?
6
What is the tens digit of 576412099?
9
What is the billions digit of 1907260023?
1
What is the units digit of 45440815?
5
What is the tens digit of 37959406?
0
What is the units digit of 460193436?
6
What is the thousands digit of 1196995237?
5
What is the ten millions digit of 53659913?
5
What is the ten thousands digit of 272359163?
5
What is the tens digit of 143998397?
9
What is the millions digit of 3817800?
3
What is the ten thousands digit of 2465674256?
7
What is the tens digit of 3215029017?
1
What is the tens digit of 22433076?
7
What is the hundreds digit of 279855984?
9
What is the units digit of 865722123?
3
What is the ten millions digit of 166711976?
6
What is the billions digit of 4024225349?
4
What is the tens digit of 22324198?
9
What is the tens digit of 1220531630?
3
What is the billions digit of 1484459059?
1
What is the billions digit of 1311310219?
1
What is the units digit of 82045328?
8
What is the ten millions digit of 97311516?
9
What is the tens digit of 5930333649?
4
What is the ten thousands digit of 2032778652?
7
What is the millions digit of 3115324894?
5
What is the ten millions digit of 24908026?
2
What is the hundred millions digit of 5097972450?
0
What is the thousands digit of 1005374193?
4
What is the tens digit of 33341922?
2
What is the hundreds digit of 89043878?
8
What is the ten thousands digit of 2044793793?
9
What is the hundred thousands digit of 60660362?
6
What is the ten thousands digit of 704623087?
2
What is the hundred millions digit of 355442791?
3
What is the hundred millions digit of 126639811?
1
What is the hundred thousands digit of 409931068?
9
What is the ten millions digit of 305586086?
0
What is the hundreds digit of 87469493?
4
What is the millions digit of 22104272?
2
What is the ten thousands digit of 22777703?
7
What is the billions digit of 7551961867?
7
What is the ten thousands digit of 974391438?
9
What is the ten millions digit of 32158832?
3
What is the hundred thousands digit of 434340732?
3
What is the ten thousands digit of 5388629257?
2
What is the units digit of 88745068?
8
What is the ten millions digit of 2292123812?
9
What is the thousands digit of 74488921?
8
What is the hundred millions digit of 933346074?
9
What is the millions digit of 1658964179?
8
What is the thousands digit of 2296284?
6
What is the ten thousands digit of 725771702?
7
What is the units digit of 2095128117?
7
What is the ten millions digit of 842479222?
4
What is the hundred millions digit of 5557443739?
5
What is the thousands digit of 1917450067?
0
What is the tens digit of 8827487?
8
What is the billions digit of 1094385939?
1
What is the hundred thousands digit of 275322120?
3
What is the hundred thousands digit of 40426983?
4
What is the billions digit of 2028938759?
2
What is the units digit of 23531574?
4
What is the hundred thousands digit of 3134453?
1
What is the units digit of 5606509?
9
What is the hundred thousands digit of 488014035?
0
What is the hundred millions digit of 205946971?
2
What is the units digit of 667581520?
0
What is the tens digit of 1747386888?
8
What is the hundreds digit of 25673673?
6
What is the ten thousands digit of 4082581634?
8
What is the ten thousands digit of 553820193?
2
What is the units digit of 12085956?
6
What is the tens digit of 1268205008?
0
What is the hundred millions digit of 798681731?
7
What is the thousands digit of 183583114?
3
What is the hundred thousands digit of 4503811?
5
What is the tens digit of 616549103?
0
What is the thousands digit of 5821682137?
2
What is the hundred millions digit of 243940394?
2
What is the hundred millions digit of 179234287?
1
What is the ten millions digit of 19966904?
1
What is the ten millions digit of 943969240?
4
What is the ten millions digit of 175163250?
7
What is the ten millions digit of 11681492?
1
What is the tens digit of 27110332?
3
What is the millions digit of 122978346?
2
What is the hundreds digit of 20844489?
4
What is the ten thousands digit of 571893201?
9
What is the tens digit of 123723613?
1
What is the hundred thousands digit of 99700286?
7
What is the tens digit of 163836793?
9
What is the millions digit of 158349964?
8
What is the units digit of 10421329?
9
What is the tens digit of 1891532348?
4
What is the millions digit of 292662679?
2
What is the billions digit of 1660399721?
1
What is the ten millions digit of 62584417?
6
What is the ten millions digit of 67903878?
6
What is the tens digit of 646212630?
3
What is the units digit of 147888689?
9
What is the units digit of 57135840?
0
What is the hundreds digit of 271171206?
2
What is the ten millions digit of 65530354?
6
What is the millions digit of 13290276?
3
What is the billions digit of 1471843082?
1
What is the thousands digit of 182235838?
5
What is the ten thousands digit of 487139206?
3
What is the hundred millions digit of 181144688?
1
What is the units digit of 1023460934?
4
What is the thousands digit of 22056260?
6
What is the units digit of 3755003253?
3
What is the hundreds digit of 89701243?
2
What is the units digit of 632845106?
6
What is the units digit of 228565918?
8
What is the hundred thousands digit of 361865201?
8
What is the hundreds digit of 462414839?
8
What is the hundred thousands digit of 1078434825?
4
What is the thousands digit of 512312497?
2
What is the ten thousands digit of 167481086?
8
What is the units digit of 260838159?
9
What is the units digit of 270669716?
6
What is the tens digit of 99710871?
7
What is the millions digit of 13848744?
3
What is the tens digit of 3241978?
7
What is the ten millions digit of 27472562?
2
What is the hundred thousands digit of 236793713?
7
What is the tens digit of 171428673?
7
What is the thousands digit of 110467888?
7
What is the millions digit of 495158528?
5
What is the ten millions digit of 53928211?
5
What is the thousands digit of 118967502?
7
What is the millions digit of 1261991327?
1
What is the units digit of 165752033?
3
What is the ten millions digit of 519230870?
1
What is the ten millions digit of 358187052?
5
What is the billions digit of 1731479349?
1
What is the tens digit of 2015962408?
0
What is the hundreds digit of 2412591?
5
What is the units digit of 225548307?
7
What is the hundreds digit of 55313593?
5
What is the billions digit of 2004889183?
2
What is the ten thousands digit of 1099714076?
1
What is the hundreds digit of 4999413615?
6
What is the ten millions digit of 2281675454?
8
What is the tens digit of 246756929?
2
What is the millions digit of 25590517?
5
What is the units digit of 51547381?
1
What is the units digit of 38376058?
8
What is the tens digit of 50011802?
0
What is the hundred thousands digit of 25536657?
5
What is the millions digit of 605971552?
5
What is the tens digit of 2379496308?
0
What is the ten thousands digit of 3658740641?
4
What is the millions digit of 83209826?
3
What is the hundred thousands digit of 30271011?
2
What is the millions digit of 7675642766?
5
What is the hundred millions digit of 585694673?
5
What is the ten millions digit of 95570662?
9
What is the ten thousands digit of 1263140305?
4
What is the hundred millions digit of 272132459?
2
What is the millions digit of 1510510303?
0
What is the ten millions digit of 11454422?
1
What is the hundred thousands digit of 81288570?
2
What is the units digit of 207397749?
9
What is the ten thousands digit of 651147695?
4
What is the hundreds digit of 164113135?
1
What is the th